*h**2 + 0 - 1/120*h**6 + 2/15*h**5 - 5/24*h**4 + 0*h. What is i(7)?
4
Let t(v) = v**3 - 7*v**2 + 6*v + 3. Let z be t(6). Let s(w) = -7*w + 1. Determine s(z).
-20
Let l(i) be the third derivative of -i**4/24 - 2*i**3/3 - 7*i**2. What is l(4)?
-8
Let m(q) = 13*q**2 + 2*q - 1. Let s(j) = 27*j**2 + 4*j - 2. Let f(w) = -9*m(w) + 4*s(w). Let g(y) = -y**3 + 8*y**2 - 4*y - 20. Let z be g(7). What is f(z)?
-10
Let r(f) = -f**3 - 9*f**2 + 9*f - 11. Let q be r(-10). Let j be (-28)/35*(-10)/4. Let l(w) = -2*w + w + 7*w**j + w**2. Give l(q).
9
Let p = 2 + -4. Suppose -3*b - 5 + 11 = 0. Let t(r) = 6 - 21*r + 20*r - r**b - 4. What is t(p)?
0
Let r(w) = 4*w**2 + 2*w - 1. Suppose 3*b + 2 + 4 = 0. Suppose -3*h - 12 = -7*h. Let c = h + b. What is r(c)?
5
Let o be (-2)/3 + 24/9. Suppose -2*q - 15 = o*q - 3*r, -4*q = -5*r + 25. Let b(j) = 4*j**2 - 6*j + 5 + q*j**2 + j**3 + j. Calculate b(-5).
5
Suppose 0*b = -3*p + 2*b + 19, 5*p + 4*b + 5 = 0. Suppose 0 = -p*v + 2*v - 1. Let q(w) = w**3 - w - 1. What is q(v)?
-1
Let b be (1 + 6)/14 + (-3)/2. Let w(s) = -s**3 + s + 13. Let m be w(0). Let p(u) = 1 + m*u - 1 + 1. Give p(b).
-12
Let p = -1 - -5. Suppose -2*n - 8 = -p*n. Let t(x) = -2*x + 2. Calculate t(n).
-6
Let s(i) = -4*i**2 + 4*i + 3. Let h(o) = -3*o**2 + 4*o + 2. Suppose 0 = k - 2*k + 2. Let g(f) = k*s(f) - 3*h(f). Give g(4).
0
Let d(r) = r**3 + 2*r**2 + r. Suppose -4*u + 3 - 11 = 0. Let f be (-1)/(u - (-7)/4). Let s = f - 5. Give d(s).
0
Let l(t) = t**3 + t**2 + t + 1. Let q(z) = -z**3 - 9*z**2 - 9*z - 6. Let b(w) = 2*l(w) + q(w). What is b(8)?
4
Let a(m) be the second derivative of m**4/12 - m**3/6 + m. Suppose -3*o = -2*x - 3 - 5, -3*o - 4*x - 16 = 0. Suppose o*g - 2 = g. Determine a(g).
6
Suppose 8 = 4*f, 7 + 1 = -2*i + f. Let j(b) = -11*b**3 - 5*b**2 + 11*b - 21. Let n(x) = 5*x**3 + 2*x**2 - 5*x + 10. Let a(z) = 6*j(z) + 13*n(z). Give a(i).
-8
Let u(x) = -5*x - 1. Let a(z) = 10*z + 2. Let g(r) = 3*a(r) + 5*u(r). Suppose 0 = -5*l - 7 + 2. Calculate g(l).
-4
Let h(x) be the first derivative of -2 + x + 1/2*x**2 - 1/4*x**4 + 2/3*x**3. Give h(3).
-5
Let f(t) = -2. Suppose d + 5*y = -d + 11, 3*d - 6 = -4*y. Let v(u) = u + 5. Let a(g) = d*v(g) - 5*f(g). Calculate a(4).
-8
Let o(h) = -4 + 0*h**2 - 6*h - 2 - h**2. Let s be 2*(2 + 3/2). Let z = s + -11. Calculate o(z).
2
Let z(g) = -9. Let y(i) = -i**3 - 6*i**2 + 6*i - 8. Let o be y(-7). Let j(n) = -n - 1. Let v(x) = o*z(x) + j(x). Determine v(6).
2
Let f(m) = 3 - 2 + m**2 + m**2. Let p(r) = -5*r**2 + r - 2. Let a(o) = -11*f(o) - 4*p(o). Let z = -7 + 5. Determine a(z).
-3
Let j(q) be the second derivative of q**5/10 + q**4/4 + 12*q. Let v be (-20)/(-6) - (-4)/6. Suppose -3*x - 12 = -2*n, -v*x + 5*n - 25 = x. Calculate j(x).
-4
Let c(f) = f**3 + 6*f**2 + 3*f - 2. Let n(s) = -2*s + 7. Let b be n(6). Calculate c(b).
8
Let d(b) = b**3 + 4*b**2 - 6*b + 2. Let q = -60 - -29. Let c = q - -20. Let s = -16 - c. Determine d(s).
7
Let o(g) = -g**2 - 8*g - 5. Let a be o(-7). Let n(m) = m**a - 3*m**2 - 29*m + 22*m - 1. Calculate n(-5).
-16
Let y(k) = 5*k**3 - 8*k**2 + 4*k + 11. Let n(j) = -2*j**3 + 4*j**2 - 2*j - 5. Let d(u) = 7*n(u) + 3*y(u). What is d(-4)?
6
Suppose 5*p = -n - 1, 0*n + 5 = 3*p + 2*n. Let a = p + -1. Let b be 2 + 1 + (a - 3). Let d(q) = q**2 + 3*q + 2. Calculate d(b).
0
Let m(k) = -4*k + 1. Let h = -73 + 78. Give m(h).
-19
Suppose 4*s - 7 = 9. Suppose -s*d + 11 + 5 = 0. Let r(t) = t**2 - 2*t - 3. Calculate r(d).
5
Suppose 0 = 6*v - v. Let x = 3 - v. Suppose -y + x = -0*y. Let s(n) = -n - 4. Determine s(y).
-7
Suppose 0*n = 2*n + 4. Let r(j) = j**2 + j + 3. Let f(h) = 4*h**2 + 5*h + 12. Let b(g) = n*f(g) + 9*r(g). Determine b(0).
3
Let x(n) = -n - 7. Let h = -9 + 15. Let g be (h/4)/(1/26). Let u be (-2)/(-8) - g/12. Calculate x(u).
-4
Let n(p) = -p**2 - 3*p + 6. Suppose 0 = 2*z + 10. Give n(z).
-4
Let w(f) = f + 6. Let l be (-1 - -1)/(16 + -14). What is w(l)?
6
Let g = -14 - -8. Let d(j) = -2*j - 6. Calculate d(g).
6
Let q be 10/(-35) + (-80)/14. Let d(t) be the third derivative of t**4/24 + 4*t**3/3 + 2*t**2. Determine d(q).
2
Let n(w) = -w**3 + w**2 + 2*w - 2. Let b(h) = -6 + 2 - h + 1. Let l be b(-5). Suppose -5*g = 2*y + y - 7, g + 4*y = -l. Give n(g).
-2
Let w(l) = -l**2 - 2*l - 1. Let a be w(-1). Let t(p) = p**2 - 6*p + 6. Let i be t(5). Let k(u) = -3 - i + 2 - u. Determine k(a).
-2
Suppose -7 = 2*u - 9. Let f = 6 - u. Let k(d) = d - 7. Determine k(f).
-2
Let f(i) = 2*i - 1. Suppose -2*u - 27 = 3*p, 2*p + 47 = -3*p - 4*u. Give f(p).
-15
Let i(p) = -4*p**2 - 8*p - 7. Let c(b) = 3*b**2 + 8*b + 7. Let q(v) = -3*c(v) - 2*i(v). Let t = -11 + 5. Let a be q(t). Let f(z) = -z**2 + 4*z. What is f(a)?
-5
Let z = 77 + -71. Let j(d) be the second derivative of d**4/12 - 7*d**3/6 + 4*d**2 - d. Determine j(z).
2
Let c(m) = -m**2 - 12*m + 3. Let f(k) = 1. Let d(z) = -c(z) + 5*f(z). Determine d(-11).
-9
Let h be (-1)/((-2 - -3)/5). Let k(a) be the second derivative of 1/12*a**4 + 5*a + 3/2*a**2 + 7/6*a**3 + 0. Give k(h).
-7
Let o(g) = g - 5. Let d be o(8). Suppose y = d*y. Let j(z) = -2*z + 1 + 0 + z**2 + y*z. Calculate j(3).
4
Let p(x) = x**3 - 2*x**2 - x - 1. Let q be p(2). Let f be q/2*16/24. Let j(o) = 3*o - 3. Let d(h) = 6*h - 5. Let z(n) = 3*d(n) - 5*j(n). Give z(f).
-3
Let d = 14 + -10. Let a(h) = 4*h + 3*h - d - 8*h. Give a(4).
-8
Let v(s) = -2*s - 1. Let a = 34 - 37. Calculate v(a).
5
Let z(c) be the first derivative of 1/4*c**4 - 2*c**3 + 5*c - 1 - 1/2*c**2. What is z(6)?
-1
Let g(t) = -1. Let o(c) = c + 2. Let r(p) = 3*g(p) + o(p). Determine r(-4).
-5
Let b = -60 - -88. Suppose 0*v = -4*v + b. Let g(t) = -2 - t**2 - t - 2 + v. What is g(-4)?
-9
Let o(j) be the first derivative of j**3/3 + j**2/2 + 2*j - 5. What is o(-3)?
8
Let t(h) = -h**2 + 5*h + 4. Let m(u) = -u**2 - 12*u - 15. Let v be m(-10). Suppose -w - w + 6 = 0. Suppose -w*n = -2*n - v. Give t(n).
4
Let a(i) = i - 6 + 17 - 5 - 4. Determine a(-5).
-3
Let v be 4*1 - (-1 + 3). Let t(z) = 0*z**2 - v*z**3 + 2*z**3 - z**2 - 1 + z**3. Calculate t(2).
3
Let s(a) be the first derivative of a**7/168 + a**6/360 - a**5/120 + a**3/3 - 3. Let z(f) be the third derivative of s(f). Calculate z(1).
5
Suppose -2*d + 2 = -4. Suppose 0 = -3*i + d*y - 6, 5*i - 2*y + 1 = -15. Let m(s) be the third derivative of s**4/24 - 5*s**3/6 + 2*s**2. What is m(i)?
-9
Suppose b = 4*d - 2*d - 7, 0 = d + 5*b + 13. Let v(s) = -s**d + 3*s - 9 + 5 + 3. Suppose -t = 2*f + 4, 0*f - 20 = 5*f. What is v(t)?
-5
Let d(s) = 2*s**2 + 3*s - 3. Let c(h) = h**2 + 2*h - 2. Let m(y) = -3*c(y) + 2*d(y). Let q(w) = 7*w**2 + 5*w. Let p(n) = 6*m(n) - q(n). Calculate p(-6).
-6
Let z be 72/21 - (-21)/(-49). Let u(r) = -3*r + 3. Calculate u(z).
-6
Let a(j) = j**2 - 4*j - 8. Suppose -2*g = -2*n + 10, 4*g + g - 29 = -4*n. Determine a(n).
4
Let o(j) = -j**3 - 9*j**2 + 5. Suppose -2*i = -3*i - 3. Let r be (-2)/i*(-243)/18. Give o(r).
5
Let c(n) = -3*n**2 - 4*n + 2. Let f(d) = -8*d**2 - 12*d + 5. Let y = -1 + 12. Let q(m) = y*c(m) - 4*f(m). What is q(4)?
2
Let o(i) = -i**3 - 5*i**2 + 4*i - 2. Let v(u) = 2*u + 8. Suppose 2*w - 8 + 22 = 0. Let d be v(w). What is o(d)?
10
Suppose -2*o - 4*m + 0*m - 14 = 0, 4*m + 16 = 0. Suppose d = -o + 10. Suppose -n = n - p - d, -1 = n + 5*p. Let t(a) = a**3 - 4*a**2 + a + 3. What is t(n)?
7
Let g(p) = p**3 - p**2 - p + 11. Let l(x) = -x**3 + x**2 + 2*x - 2. Let z be l(1). Determine g(z).
11
Let z(v) = -3*v**2 - 10*v - 9. Let q(g) = 5*g**2 + 19*g + 17. Let h(l) = 4*q(l) + 7*z(l). Let d(p) be the first derivative of h(p). Determine d(6).
-6
Suppose 3*q + 3*i + 2 = -22, i + 20 = -3*q. Let h(m) = m**2 + m. Let w(y) = 4*y**2 - y - 2. Let u(x) = 5*h(x) - w(x). Calculate u(q).
2
Let x(f) = f + 1. Let p be x(3). Let h(g) = -1 + g**2 - p*g + 1. Calculate h(2).
-4
Let h(y) be the third derivative of -y**6/120 - y**5/10 - y**4/4 - y**3/2 + 2*y**2. Let c be 2/2 + 6 + -3. Suppose -d - c*d = 25. Calculate h(d).
2
Let k(n) = -n**2 - 6*n - 6. Let z be k(-4). Suppose -z = 2*d - 2*u, 3*u = -4*d - 9 - 9. Let j(q) = -q**2 - q - 3. Calculate j(d).
-9
Let m be (-9)/15 - 16/(-10). Let l = 0 - m. Let b(w) be the first derivative of -w**3/3 + w + 1. Determine b(l).
0
Let x(f) = -f**3 - 7*f**2 - 5*f + 2. Let h(t) = t**2 + 4*t - 3. Let z be h(-3). Let w be x(z). Let g(n) = n**2 + 2*n - 3. Determine g(w).
